What is the hundreds digit of 42332?
3
What is the hundreds digit of 154603?
6
What is the units digit of 20709?
9
What is the hundreds digit of 1047?
0
What is the tens digit of 59781?
8
What is the hundreds digit of 7330?
3
What is the hundreds digit of 23409?
4
What is the tens digit of 34?
3
What is the units digit of 11258?
8
What is the thousands digit of 24327?
4
What is the hundreds digit of 5959?
9
What is the hundreds digit of 28273?
2
What is the tens digit of 8199?
9
What is the thousands digit of 22628?
2
What is the thousands digit of 2245?
2
What is the units digit of 1781?
1
What is the hundreds digit of 1620?
6
What is the ten thousands digit of 65191?
6
What is the tens digit of 4876?
7
What is the hundreds digit of 3695?
6
What is the thousands digit of 3684?
3
What is the tens digit of 93?
9
What is the tens digit of 192130?
3
What is the thousands digit of 1129?
1
What is the units digit of 27059?
9
What is the units digit of 16656?
6
What is the units digit of 3746?
6
What is the tens digit of 21739?
3
What is the units digit of 904?
4
What is the units digit of 6103?
3
What is the thousands digit of 57029?
7
What is the units digit of 67640?
0
What is the tens digit of 22501?
0
What is the tens digit of 10791?
9
What is the tens digit of 641?
4
What is the hundreds digit of 1181?
1
What is the tens digit of 5944?
4
What is the hundreds digit of 131825?
8
What is the units digit of 57493?
3
What is the tens digit of 763?
6
What is the units digit of 1677?
7
What is the thousands digit of 12357?
2
What is the hundreds digit of 470?
4
What is the thousands digit of 1314?
1
What is the thousands digit of 14176?
4
What is the units digit of 6611?
1
What is the units digit of 15?
5
What is the hundreds digit of 22113?
1
What is the thousands digit of 29348?
9
What is the tens digit of 3249?
4
What is the hundreds digit of 5427?
4
What is the units digit of 562?
2
What is the hundreds digit of 15086?
0
What is the thousands digit of 1664?
1
What is the units digit of 12274?
4
What is the thousands digit of 2470?
2
What is the thousands digit of 83966?
3
What is the ten thousands digit of 13537?
1
What is the units digit of 93423?
3
What is the hundreds digit of 990?
9
What is the units digit of 3126?
6
What is the tens digit of 167913?
1
What is the tens digit of 733?
3
What is the tens digit of 49335?
3
What is the hundreds digit of 2117?
1
What is the hundreds digit of 138?
1
What is the units digit of 744?
4
What is the tens digit of 345?
4
What is the ten thousands digit of 15734?
1
What is the units digit of 16503?
3
What is the units digit of 3676?
6
What is the hundreds digit of 67891?
8
What is the units digit of 4646?
6
What is the thousands digit of 5035?
5
What is the units digit of 4619?
9
What is the units digit of 17888?
8
What is the tens digit of 40494?
9
What is the thousands digit of 1182?
1
What is the units digit of 3348?
8
What is the tens digit of 1100?
0
What is the units digit of 586?
6
What is the thousands digit of 29032?
9
What is the tens digit of 1732?
3
What is the thousands digit of 32878?
2
What is the units digit of 36169?
9
What is the tens digit of 893?
9
What is the thousands digit of 46625?
6
What is the thousands digit of 4541?
4
What is the units digit of 4639?
9
What is the hundreds digit of 2722?
7
What is the units digit of 731?
1
What is the hundreds digit of 321?
3
What is the hundreds digit of 320?
3
What is the units digit of 45214?
4
What is the thousands digit of 15457?
5
What is the tens digit of 4541?
4
What is the tens digit of 32?
3
What is the units digit of 24848?
8
What is the units digit of 14889?
9
What is the tens digit of 49316?
1
What is the tens digit of 141981?
8
What is the units digit of 6122?
2
What is the hundreds digit of 57530?
5
What is the units digit of 62?
2
What is the tens digit of 8142?
4
What is the tens digit of 80?
8
What is the units digit of 48128?
8
What is the thousands digit of 3490?
3
What is the ten thousands digit of 12426?
1
What is the units digit of 506?
6
What is the tens digit of 25737?
3
What is the thousands digit of 1529?
1
What is the thousands digit of 42513?
2
What is the tens digit of 4070?
7
What is the hundreds digit of 3853?
8
What is the ten thousands digit of 15494?
1
What is the tens digit of 7189?
8
What is the thousands digit of 5732?
5
What is the units digit of 67927?
7
What is the units digit of 17103?
3
What is the units digit of 2583?
3
What is the tens digit of 20690?
9
What is the hundreds digit of 787?
7
What is the tens digit of 2630?
3
What is the units digit of 1163?
3
What is the thousands digit of 43541?
3
What is the hundreds digit of 961?
9
What is the thousands digit of 13702?
3
What is the tens digit of 2427?
2
What is the tens digit of 1321?
2
What is the hundreds digit of 2395?
3
What is the hundreds digit of 25008?
0
What is the tens digit of 7018?
1
What is the hundreds digit of 1616?
6
What is the units digit of 790?
0
What is the ten thousands digit of 50970?
5
What is the units digit of 47709?
9
What is the hundreds digit of 64460?
4
What is the ten thousands digit of 73587?
7
What is the hundreds digit of 339?
3
What is the thousands digit of 7202?
7
What is the units digit of 43510?
0
What is the tens digit of 20498?
9
What is the ten thousands digit of 112813?
1
What is the units digit of 7269?
9
What is the tens digit of 887?
8
What is the hundreds digit of 70652?
6
What is the thousands digit of 7437?
7
What is the hundreds digit of 15882?
8
What is the units digit of 265?
5
What is the hundreds digit of 36766?
7
What is the units digit of 339?
9
What is the units digit of 785?
5
What is the hundreds digit of 57892?
8
What is the thousands digit of 18948?
8
What is the thousands digit of 2131?
2
What is the thousands digit of 30360?
0
What is the ten thousands digit of 24220?
2
What is the hundreds digit of 848?
8
What is the tens digit of 338?
3
What is the thousands digit of 3597?
3
What is the units digit of 8948?
8
What is the ten thousands digit of 22461?
2
What is the hundreds digit of 158408?
4
What is the units digit of 6666?
6
What is the tens digit of 185?
8
What is the ten thousands digit of 87714?
8
What is the tens digit of 16658?
5
What is the ten thousands digit of 30908?
3
What is the units digit of 6868?
8
What is the units digit of 133002?
2
What is the units digit of 29227?
7
What is the units digit of 2247?
7
What is the thousands digit of 20101?
0
What is the hundreds digit of 2175?
1
What is the units digit of 7342?
2
What is the units digit of 8109?
9
What is the thousands digit of 57352?
7
What is the tens digit of 55358?
5
What is the ten thousands digit of 10527?
1
What is the hundreds digit of 6502?
5
What is the tens digit of 148?
4
What is the hundreds digit of 45133?
1
What is the thousands digit of 3671?
3
What is the hundreds digit of 919?
9
What is the thousands digit of 5047?
5
What is the hundreds digit of 46665?
6
What is the hundreds digit of 540?
5
What is the hundreds digit of 59818?
8
What is the hundreds digit of 7203?
2
What is the units digit of 48094?
4
What is the tens digit of 85?
8
What is the tens digit of 74093?
9
What is the thousands digit of 2220?
2
What is the hundreds digit of 18468?
4
What is the thousands digit of 1170?
1
What is the hundreds digit of 20744?
7
What is the hundreds digit of 1686?
6
What is the units digit of 1169?
9
What is the ten thousands digit of 16494?
1
What is the units digit of 1039?
9
What is the units digit of 154328?
8
What is the tens digit of 4366?
6
What is the ten thousands digit of 78255?
7
What is the units digit of 36?
6
What is the thousands digit of 3144?
3
What is the tens digit of 30906?
0
What is the hundreds digit of 100028?
0
What is the tens digit of 45955?
5
What is the units digit of 1093?
3
What is the hundreds digit of 5933?
9
What is the ten thousands digit of 140196?
4
What is the units digit of 967?
7
What is the hundreds digit of 5559?
5
What is the units digit of 3769?
9
What is the units digit of 47261?
1
What is the thousands digit of 40764?
0
What is the thousands digit of 1160?
1
What is the hundreds digit of 62680?
6
What is the hundreds digit of 14847?
8
What is the ten thousands